+ 11. Suppose -5*z = -5*f - 40, -2*f = 3*z - 4*z + 8. Let o be i(z). What is n(o)?
0
Let n(j) = -2*j + 5 + 2*j**2 + 0*j**2 - 7 + 1. Calculate n(2).
3
Let j(v) = v**3 - v + 5. Let w(r) = -3*r**3 - r**2 + 2*r - 15. Let a(o) = -17*j(o) - 6*w(o). Determine a(-5).
5
Let k = -19 + 13. Let b(p) = p. What is b(k)?
-6
Let f(g) = 5*g. Let l(x) = 2*x. Let r(o) = 6*f(o) - 14*l(o). Calculate r(4).
8
Let u(j) = j**2 - 7*j. Let i be u(6). Let t(k) = -k**2 - 7*k - 5. What is t(i)?
1
Let z(x) be the first derivative of -x**4/4 + 2*x**3 - 3*x**2 + 2*x + 1. Let h be 10*1*4/8. What is z(h)?
-3
Let z(c) = -c**3 + 6*c**2 - 5*c + 6. Suppose -5*l = 3*a - 34, 7*l - 4*l - 30 = -5*a. Give z(l).
6
Let r(w) = w + 1. Let s(c) = -c - 1. Let z(f) = -2*r(f) - 3*s(f). Suppose -4*g = -14 - 6, 2*g + 15 = 5*u. Determine z(u).
6
Let c(q) = -q**2 + q + 1. Let s = 6 + -7. Suppose -3 = -5*j + 17, 0 = -n - j. Let r(k) = 5*k**2 + 4*k + 3. Let v(y) = n*c(y) + s*r(y). Give v(-5).
8
Let x(h) be the first derivative of -h**2/2 - 8*h + 8. What is x(-6)?
-2
Let t(r) be the third derivative of -r**8/6720 + r**6/720 + r**4/8 + r**2. Let x(n) be the second derivative of t(n). Calculate x(0).
0
Let w(p) = p**2 - p - 1. Suppose 2*k + 4*r + 2 = 0, -2*r + 1 = -3*k + 14. Suppose -k*y = y + 8, y - 2 = 2*a. Determine w(a).
5
Let o(f) = f**2 + f + 2. Let h = 6 - 1. Let r = 10 + -7. Suppose u + 2*y = -y - r, -h*y = -u + 5. Calculate o(u).
2
Let d(m) = m**3 + 4*m**2 - 2. Let s(c) = c + 6. Let h(z) = z**3 + z**2 - 2*z + 3. Let f be h(-3). Let n be s(f). Give d(n).
7
Let h(p) be the first derivative of 3*p**4 + p**3/3 + p**2/2 - p + 20. Let n be -2*((-3)/6)/1. Determine h(n).
13
Let p(o) be the second derivative of 3*o**5/10 + o**4/6 + o**3/6 - 16*o. Let g(q) = q**2 - 2*q - 1. Let m be g(2). Determine p(m).
-5
Let n(g) = -g - 9. Let r be (4 - 5) + (0 - 5). Give n(r).
-3
Let t = 7 + -3. Suppose x + 8 = t*d + 2*x, -4*d + 24 = -3*x. Let j(b) = -2*b**2 + b + 2. Determine j(d).
-13
Let f(j) be the first derivative of j**2/2 - j + 1. Let a(z) be the third derivative of -z**4/12 - z**2. Let g(r) = -a(r) - f(r). Give g(2).
3
Let h(g) = -g - 3. Suppose 4*v = -4*m + 24, -1 = 3*v + 4*m - 21. Let u = 4 - v. Suppose u = -n + 3. Calculate h(n).
-6
Let a(u) = -2*u**3 + u**2. Let k be a(-1). Let t(c) be the third derivative of c**5/60 + 3*c**2 - 5*c. What is t(k)?
9
Let u(x) be the third derivative of -x**4/24 + 4*x**3/3 - 8*x**2. What is u(6)?
2
Let g(k) = 4*k**3 - k + 1. Let t be g(1). Let o(b) = 3*b + 2 + 0 + 3*b. Let j(m) = 11*m + 4. Let s(y) = t*j(y) - 7*o(y). Give s(-2).
-2
Let g(x) = 7*x**2 + 4*x + 3. Let b(p) = -3*p**2 - 2*p - 1. Let h(m) = -5*b(m) - 2*g(m). Calculate h(-4).
7
Let j(v) = -v - 10. Let p(u) = 2*u + 19. Let q(c) = -7*j(c) - 4*p(c). Suppose 0 = -h - h. Calculate q(h).
-6
Let q(j) = -j**3 + 8*j**2 + 9*j + 2. Let u be q(9). Let h(x) = -x**u + 2 + x - 3*x + 7*x. Let s be (-7)/(-21) + 14/3. Give h(s).
2
Suppose 0 = -0*l + l - 21. Suppose -5*a - 9 = l. Let b(n) = -2*n - 8. Determine b(a).
4
Let q(b) = -11*b**3 + b - 1. Let l(w) = -1. Let y(h) = -h + 3. Let g(o) = 2*l(o) - y(o). Let t be g(6). Give q(t).
-11
Let r(j) be the third derivative of -j**4/12 + 5*j**3/3 - 19*j**2. Determine r(7).
-4
Let l be (-4 + -2)*4/(-6). Let v(q) = 5*q + 1. Let o(i) = 4*i + 2. Let p(h) = -4*o(h) + 3*v(h). Determine p(l).
-9
Let v(x) = x**3 + 4*x**2 + 2*x + 2. Let g(q) = 2*q + 10. Let n be (-100)/(-7) - 6/21. Let r be (n/(-4))/(4/8). Let w be g(r). Determine v(w).
-6
Let a(j) = -7*j - 3*j**2 + 6 + 2*j + 2*j**2. Let r(h) = -h - 13. Let m be r(10). Let l be m/5 + (-6)/15. What is a(l)?
6
Let x(i) = 10*i + 11. Let k(j) = 9*j + 10. Let g(q) = 7*k(q) - 6*x(q). Give g(-3).
-5
Let b = -75 - -19. Let d be (-266)/b + 1/4. Let x(s) = s**3 - 5*s**2 + 3*s - 7. Determine x(d).
8
Let g(i) be the first derivative of -2*i**2 - 12. Let p = -4 - -3. Calculate g(p).
4
Let p(s) be the second derivative of -1/2*s**3 + 0 + 2*s + 1/24*s**4 - 1/2*s**2. Let c(b) be the first derivative of p(b). Give c(0).
-3
Let p(h) = h**2 - h - 1. Let i(k) = -9*k - k - k**3 + 10*k**2 + 0*k + 8 + 2. Let b be i(9). Let a be (b - -2)/((-6)/4). Determine p(a).
5
Let x be (-1)/((-1)/(-1)) - -3. Let n(g) = g**3 + 4 - 2 + 3 + x*g + 4*g**2. Let b = 8 + -12. Give n(b).
-3
Let a(p) be the third derivative of 5*p**4/6 + p**3/3 - 3*p**2. Let z(q) = -7*q - 1. Let r(t) = 6*a(t) + 17*z(t). Give r(6).
1
Let l(f) = -13*f - 7. Let n(h) = -7*h - 4. Let m(x) = -6*l(x) + 11*n(x). Let p(b) = 4 + b**2 - b**3 + b + 8*b - 8*b**2 + 4. Let u be p(-8). Determine m(u).
-2
Let o(h) be the second derivative of h**4/6 + h**3/6 - 32*h. Give o(1).
3
Let v = 66 - 68. Let a(h) = -h**2 + 2. What is a(v)?
-2
Let c = -6 + 4. Let l = 13 - 13. Let m(k) = -k + l*k - 2 - 2*k**2 - 2*k. Calculate m(c).
-4
Let f(l) = -11*l - 32*l**3 + 33*l**3 + 4*l**2 - 3 + 2*l. Determine f(-6).
-21
Let u(w) = w**3 + 18*w**2 + w + 24. Let g be u(-18). Let p(z) = 1 + z**3 - 7*z**2 + 5*z - z + z. Calculate p(g).
-5
Let n be 1 + -5 + 15/3. Let a be (-3 - -1)/(1/2). Let v(l) = l**3 - l**2 - 1. Let o(u) = 9*u**3 - 6*u**2 - 3. Let w(t) = a*v(t) + o(t). Give w(n).
4
Let h(n) = -n**2 - n - 3. Let k(x) = 2*x**2 + 2*x + 6. Let b(c) = -5*h(c) - 3*k(c). Determine b(0).
-3
Let t(x) = -4*x + 4. Let n(s) = 2*s - 2. Let g(p) = 11*n(p) + 6*t(p). Suppose -4*h = 8 + 8. What is g(h)?
10
Let f(x) = -x**3 + 8*x**2 - x + 10. Let j be f(8). Let c(k) = -6*k**2 - j + 2 - 1 + k. Let n = 1 + 0. Give c(n).
-6
Let i = 6 - 3. Let a(h) = 13*h**3 + 5*h**2 - 6*h + 4. Let w(d) = -7*d**3 - 3*d**2 + 3*d - 2. Let t(y) = 6*a(y) + 11*w(y). What is t(i)?
-7
Let t(o) = -o**3 + 10*o**2 - 9*o + 1. Let m be (-75)/(-9) + (-6)/(-9). Give t(m).
1
Suppose 7*b - 11*b - 36 = 0. Let g(u) = u + 10. Calculate g(b).
1
Let w(d) = 5*d + 2*d + 2*d**2 - 78 + 85 - d**2. Determine w(-7).
7
Let v(o) = 5*o - 9. Let w(s) = -9*s + 18. Let h(c) = 7*v(c) + 4*w(c). Suppose -9 = -p - 4. Calculate h(p).
4
Let k(b) = b - 2 - 6 - 7*b**2 - b**3 - b - 2*b. What is k(-7)?
6
Let s(u) = 3*u**3 - 5*u**2 - 8*u. Suppose 0 = -k + 4. Let c(t) = 3*t**3 + t - k*t**3 + 0*t. Let i(d) = -4*c(d) - s(d). Determine i(-4).
0
Let s(o) be the second derivative of -3*o**3/2 - o**2/2 + 3*o. Let c(k) = -k**3 + 3*k**2 - 4*k + 3. Let r be c(2). Determine s(r).
8
Let w(n) = 3*n - 24. Let i(u) = -u + 8. Let k(c) = -11*i(c) - 4*w(c). Determine k(6).
2
Let v(p) = p**2 - 3*p + 3. Let a(w) = 5*w**2 - 16*w + 16. Let j(r) = -2*a(r) + 11*v(r). Let c(f) be the first derivative of j(f). What is c(3)?
5
Suppose -k - 3*t = -16, -3*k + 0*k + 2*t = 7. Let x(p) = k - 7 - 3 + 2*p + 3. Suppose 0 = 3*r + 2*r - 25. Determine x(r).
4
Let b(f) = -5*f**2 + 16*f + 4. Let m(r) = 11*r**2 - 34*r - 9. Let a(k) = 13*b(k) + 6*m(k). Suppose 5*x + 1 = -29. Determine a(x).
10
Suppose 5*z - 3*s - 15 = 0, 2 = z - s - 1. Let q(r) = -r - z + 0*r + 4. Determine q(3).
-2
Let o(a) = 3*a - 1. Let q be 1 + 1 + 7/((-56)/(-8)). Calculate o(q).
8
Let v(g) be the second derivative of 1/12*g**4 + 0 - g**2 - 6*g + 1/3*g**3. Give v(-4).
6
Let k be 24/14 - 4/(-14). Let g(p) = 3*p**2 - k - 1 + 0*p**2 - 5*p - 2*p**2. Give g(4).
-7
Suppose h - 8 = -h. Let t(z) = 6 + 4*z - 2*z + 0*z - h. What is t(-3)?
-4
Let b(m) be the third derivative of 0*m - 1/20*m**5 + 0*m**3 - 1/6*m**4 + 2*m**2 - 1/120*m**6 + 0. Give b(-3).
12
Suppose s - 14 = 5*f + 10, -f = s. Let q(i) = -9*i + 10. Let w(b) = -5*b + 5. Let c(a) = s*q(a) - 7*w(a). Calculate c(0).
5
Suppose -5*g + 3*s + 0*s - 4 = 0, 0 = 3*s - 9. Let c(d) = 6*d**3 + d**2 - 2*d + 1. Calculate c(g).
6
Let w(q) = 6*q**3 + 2*q**2 - 1. Let u(x) = x**2 - 1. Let f(y) = -u(y) + w(y). What is f(-1)?
-5
Suppose -4*n - 5 = 3. Let z(j) = 1 - 2*j + 0*j + 0 - 3*j**2 + 2*j**2. Give z(n).
1
Let i = 12 + -8. Suppose 2*r + 4 = -4*b - i, -4*b - 3*r = 10. Let o(a) = -5*a - 1. Let m(x) = -10*x - 3. Let g(c) = 2*m(c) - 5*o(c). Calculate g(b).
-6
Suppose 3*u - 5*z - 9 = 0, z + 12 = 4*u + 3*z. Let d(x) = -u*x**2 - x**3 + 1 + 6*x**2 + 3. Suppose -2*m + 3*m + 10 = 2*q, 4*m + 28 = 4*q. Determine d(q).
4
Suppose r = 3*r + 10. Let z(f) = -f - 7. Let p be z(r). Let i(w) = -2 - 2*w + w**2 + 2*w**2 - 4*w**2. Calculate i(p).
-2
Let k(x) = -15*x**3 - 2*x**2 - 2*x - 1. Let f be 6/(-2) - (-8 - -6). Give k(f).
14
Let i(w) = -w**3 - 3*w**2 + 3*w - 3. Let o = -6 - -14. Su